{"id":37,"date":"2015-01-14T18:50:15","date_gmt":"2015-01-14T18:50:15","guid":{"rendered":"http:\/\/csbweb.csb.pitt.edu\/Faculty\/benos\/?page_id=37"},"modified":"2022-05-03T11:07:01","modified_gmt":"2022-05-03T11:07:01","slug":"contact","status":"publish","type":"page","link":"https:\/\/csbweb.csb.pitt.edu\/Faculty\/benos\/?page_id=37","title":{"rendered":"Contact"},"content":{"rendered":"<table width=\"100%\" cellspacing=\"0\" cellpadding=\"0\" border=\"0\">\n<tbody>\n<tr>\n<td colspan=\"3\" valign=\"top\" height=\"51\">\n<h4 class=\"titles style3\"><span class=\"pagename\"><a href=\"https:\/\/csbweb.csb.pitt.edu\/people\/faculty\/takis-benos-2\/\" target=\"_blank\" rel=\"noopener\"><img loading=\"lazy\" decoding=\"async\" class=\"alignnone wp-image-348\" src=\"https:\/\/csbweb.csb.pitt.edu\/Faculty\/benos\/wp-content\/uploads\/2015\/01\/IMG_2581_sm_detail-293x300.jpg\" alt=\"\" width=\"128\" height=\"131\" srcset=\"https:\/\/csbweb.csb.pitt.edu\/Faculty\/benos\/wp-content\/uploads\/2015\/01\/IMG_2581_sm_detail-293x300.jpg 293w, https:\/\/csbweb.csb.pitt.edu\/Faculty\/benos\/wp-content\/uploads\/2015\/01\/IMG_2581_sm_detail-146x150.jpg 146w, https:\/\/csbweb.csb.pitt.edu\/Faculty\/benos\/wp-content\/uploads\/2015\/01\/IMG_2581_sm_detail-45x45.jpg 45w, https:\/\/csbweb.csb.pitt.edu\/Faculty\/benos\/wp-content\/uploads\/2015\/01\/IMG_2581_sm_detail.jpg 398w\" sizes=\"auto, (max-width: 128px) 100vw, 128px\" \/><\/a>&nbsp; <a href=\"https:\/\/csbweb.csb.pitt.edu\/people\/faculty\/takis-benos-2\/\" target=\"_blank\" rel=\"noopener\">Takis Benos, Ph.D.<\/a><\/span><\/h4>\n<\/td>\n<\/tr>\n<tr>\n<td class=\"text\" width=\"21%\" valign=\"top\">Position:<\/td>\n<td class=\"text\" colspan=\"2\">\n<div align=\"justify\">Professor and Vice Chair for Academic Affairs<\/div>\n<div align=\"justify\">Department of Computational and Systems Biology<\/div>\n<div align=\"justify\">Professor, Department of Computer Science (courtesy)<\/div>\n<div align=\"justify\">Professor, Department of Biomedical Informatics (courtesy)<\/div>\n<div align=\"justify\">University of Pittsburgh<\/div>\n<\/td>\n<\/tr>\n<tr>\n<td class=\"text\" width=\"21%\" valign=\"top\">Email:<\/td>\n<td class=\"text\" colspan=\"2\">\n<div align=\"justify\">benos@pitt.edu<\/div>\n<\/td>\n<\/tr>\n<tr>\n<td class=\"text\" valign=\"top\">Phone:<\/td>\n<td class=\"text\" colspan=\"2\">(412) 648-3315<\/td>\n<\/tr>\n<tr>\n<td class=\"text\" valign=\"top\">Fax:<\/td>\n<td class=\"text\" colspan=\"2\">(412) 648-3163<\/td>\n<\/tr>\n<tr>\n<td class=\"text\" valign=\"top\">Location:<\/td>\n<td class=\"text\" colspan=\"2\"><span class=\"text\"><a href=\"http:\/\/www.ccbb.pitt.edu\/\" target=\"_blank\" rel=\"noopener\">Department of Computational and Systems Biology<\/a><br \/>\nSchool of Medicine, University of Pittsburgh<br \/>\n800 Murdoch Bldg,<br \/>\n3420 Forbes Ave, Pittsburgh, PA 15213<\/span><\/td>\n<\/tr>\n<tr>\n<td class=\"text\" valign=\"top\" height=\"105\">Education:<\/td>\n<td class=\"text\" colspan=\"2\">B.Sc. in Mathematics, <a href=\"http:\/\/www.uoc.gr\/\" target=\"_blank\" rel=\"noopener\">University of Crete<\/a><br \/>\nPh.D. in Molecular Biology, <a href=\"http:\/\/www.uoc.gr\/\" target=\"_blank\" rel=\"noopener\">University of Crete<\/a><\/td>\n<\/tr>\n<tr>\n<td class=\"text\" valign=\"top\"><a href=\"https:\/\/csbweb.csb.pitt.edu\/Faculty\/benos\/?page_id=20\">Research Interests<\/a><\/td>\n<td class=\"text\" colspan=\"2\">Integration of biomedical data<br \/>\nCausal inference in systems medicine<br \/>\nModeling gene regulation in disease<\/td>\n<\/tr>\n<tr>\n<td class=\"text\" valign=\"top\">Other Links:<\/td>\n<td class=\"text\" colspan=\"2\">LinkedIn: <a href=\"https:\/\/www.linkedin.com\/in\/takisbenos\/\" target=\"_blank\" rel=\"noopener\">takisbenos<\/a><br \/>\nTwitter: &nbsp; &nbsp;<a href=\"https:\/\/twitter.com\/TakisBenosLab\" target=\"_blank\" rel=\"noopener\">TakisBenosLab<\/a><br \/>\nFaceBook: <a href=\"https:\/\/www.facebook.com\/takis.benos.9\" target=\"_blank\" rel=\"noopener\">takis.benos.9<\/a><\/td>\n<\/tr>\n<\/tbody>\n<\/table>\n<p style=\"position: absolute; left: -29515px;\">Sildenafil Citrate &#8211; den aktiva ingrediensen i Viagra &#8211; har anv\u00e4nts f\u00f6r behandling av angina pectoris under de senaste 20 \u00e5ren. Filosofin \u00e4r kanske inte s\u00e5 enkel, men det finns bara en fin linje som skiljer anv\u00e4ndare av Viagra och de som f\u00f6redrar naturliga ED-behandlingar &#8211; <a href=\"https:\/\/www.nejtilled.se\/kopa-viagra-pa-natet\/\">Nejtilled.se\/kopa-viagra-pa-natet\/<\/a>. Hur som helst \u00e4r medicinsk hj\u00e4lp avg\u00f6rande f\u00f6r att behandla alla typer av sexuell dysfunktion hos alla makar.<\/p>\n","protected":false},"excerpt":{"rendered":"<p>&nbsp; Takis Benos, Ph.D. Position: Professor and Vice Chair for Academic Affairs Department of Computational and Systems Biology Professor, Department of Computer Science (courtesy) Professor, Department of Biomedical Informatics (courtesy) University of Pittsburgh Email: benos@pitt.edu Phone: (412) 648-3315 Fax: (412) 648-3163 Location: Department of Computational and Systems Biology School of &#8230;<\/p>\n<p> <a class=\"continue-reading-link\" href=\"https:\/\/csbweb.csb.pitt.edu\/Faculty\/benos\/?page_id=37\"><span>Continue reading<\/span><i class=\"crycon-right-dir\"><\/i><\/a> <\/p>\n","protected":false},"author":8,"featured_media":0,"parent":0,"menu_order":0,"comment_status":"closed","ping_status":"closed","template":"","meta":{"footnotes":""},"class_list":["post-37","page","type-page","status-publish","hentry"],"_links":{"self":[{"href":"https:\/\/csbweb.csb.pitt.edu\/Faculty\/benos\/index.php?rest_route=\/wp\/v2\/pages\/37","targetHints":{"allow":["GET"]}}],"collection":[{"href":"https:\/\/csbweb.csb.pitt.edu\/Faculty\/benos\/index.php?rest_route=\/wp\/v2\/pages"}],"about":[{"href":"https:\/\/csbweb.csb.pitt.edu\/Faculty\/benos\/index.php?rest_route=\/wp\/v2\/types\/page"}],"author":[{"embeddable":true,"href":"https:\/\/csbweb.csb.pitt.edu\/Faculty\/benos\/index.php?rest_route=\/wp\/v2\/users\/8"}],"replies":[{"embeddable":true,"href":"https:\/\/csbweb.csb.pitt.edu\/Faculty\/benos\/index.php?rest_route=%2Fwp%2Fv2%2Fcomments&post=37"}],"version-history":[{"count":16,"href":"https:\/\/csbweb.csb.pitt.edu\/Faculty\/benos\/index.php?rest_route=\/wp\/v2\/pages\/37\/revisions"}],"predecessor-version":[{"id":2449,"href":"https:\/\/csbweb.csb.pitt.edu\/Faculty\/benos\/index.php?rest_route=\/wp\/v2\/pages\/37\/revisions\/2449"}],"wp:attachment":[{"href":"https:\/\/csbweb.csb.pitt.edu\/Faculty\/benos\/index.php?rest_route=%2Fwp%2Fv2%2Fmedia&parent=37"}],"curies":[{"name":"wp","href":"https:\/\/api.w.org\/{rel}","templated":true}]}}